{"id":4828,"date":"2015-10-26T11:08:51","date_gmt":"2015-10-26T11:08:51","guid":{"rendered":"http:\/\/impreza3.us-themes.com\/?page_id=4828"},"modified":"2016-06-22T20:57:07","modified_gmt":"2016-06-22T20:57:07","slug":"contato","status":"publish","type":"page","link":"https:\/\/foccosti.com.br\/site\/contato\/","title":{"rendered":"Contato"},"content":{"rendered":"<section class=\"l-section wpb_row height_auto width_full color_alternate\"><div class=\"l-section-h i-cf\"><div class=\"g-cols offset_small\"><div class=\" full-width\"><div class=\"w-map\" id=\"us_map_1\" style=\"height: 500px\"><div class=\"w-map-h\"><\/div><div class=\"w-map-json\" onclick='return {&quot;address&quot;:&quot;Rua S\\u00e3o Sebasti\\u00e3o 530, Uberaba, MG, Brasil&quot;,&quot;markers&quot;:[{&quot;address&quot;:&quot;Rua S\\u00e3o Sebasti\\u00e3o 530, Uberaba, MG, Brasil&quot;,&quot;html&quot;:&quot;&lt;h6&gt;N\\u00f3s estamos bem aqui!&lt;\\\/h6&gt;&lt;p&gt;Teremos o maior prazer e receb\\u00ea-lo em nosso escrit\\u00f3rio&lt;\\\/p&gt;&quot;,&quot;infowindow&quot;:&quot;1&quot;}],&quot;zoom&quot;:14,&quot;maptype&quot;:&quot;ROADMAP&quot;,&quot;mapBgColor&quot;:&quot;#2b2c36&quot;,&quot;height&quot;:&quot;500&quot;,&quot;hideControls&quot;:true,&quot;disableZoom&quot;:true,&quot;disableDragging&quot;:true}'><\/div><div class=\"w-map-style-json\" onclick='return [\n {\n \"featureType\": \"all\",\n \"elementType\": \"labels.text.fill\",\n \"stylers\": [\n {\n \"saturation\": \"0\"\n },\n {\n \"color\": \"#2b2c36\"\n },\n {\n \"lightness\": \"40\"\n }\n ]\n },\n {\n \"featureType\": \"all\",\n \"elementType\": \"labels.text.stroke\",\n \"stylers\": [\n {\n \"visibility\": \"on\"\n },\n {\n \"color\": \"#2b2c36\"\n },\n {\n \"lightness\": \"1\"\n }\n ]\n },\n {\n \"featureType\": \"all\",\n \"elementType\": \"labels.icon\",\n \"stylers\": [\n {\n \"visibility\": \"off\"\n }\n ]\n },\n {\n \"featureType\": \"administrative\",\n \"elementType\": \"geometry.fill\",\n \"stylers\": [\n {\n \"color\": \"#000000\"\n },\n {\n \"lightness\": 20\n }\n ]\n },\n {\n \"featureType\": \"administrative\",\n \"elementType\": \"geometry.stroke\",\n \"stylers\": [\n {\n \"color\": \"#000000\"\n },\n {\n \"lightness\": 17\n },\n {\n \"weight\": 1.2\n }\n ]\n },\n {\n \"featureType\": \"landscape\",\n \"elementType\": \"geometry\",\n \"stylers\": [\n {\n \"color\": \"#2b2c36\"\n },\n {\n \"lightness\": \"8\"\n }\n ]\n },\n {\n \"featureType\": \"poi\",\n \"elementType\": \"geometry\",\n \"stylers\": [\n {\n \"color\": \"#2b2c36\"\n },\n {\n \"lightness\": \"4\"\n }\n ]\n },\n {\n \"featureType\": \"road.highway\",\n \"elementType\": \"geometry.fill\",\n \"stylers\": [\n {\n \"color\": \"#2b2c36\"\n },\n {\n \"lightness\": \"16\"\n }\n ]\n },\n {\n \"featureType\": \"road.highway\",\n \"elementType\": \"geometry.stroke\",\n \"stylers\": [\n {\n \"color\": \"#2b2c36\"\n },\n {\n \"lightness\": \"6\"\n },\n {\n \"weight\": 0.2\n }\n ]\n },\n {\n \"featureType\": \"road.arterial\",\n \"elementType\": \"geometry\",\n \"stylers\": [\n {\n \"color\": \"#2b2c36\"\n },\n {\n \"lightness\": \"14\"\n }\n ]\n },\n {\n \"featureType\": \"road.local\",\n \"elementType\": \"geometry\",\n \"stylers\": [\n {\n \"color\": \"#2b2c36\"\n },\n {\n \"lightness\": \"12\"\n }\n ]\n },\n {\n \"featureType\": \"transit\",\n \"elementType\": \"geometry\",\n \"stylers\": [\n {\n \"color\": \"#2b2c36\"\n },\n {\n \"lightness\": \"15\"\n }\n ]\n },\n {\n \"featureType\": \"water\",\n \"elementType\": \"geometry\",\n \"stylers\": [\n {\n \"color\": \"#2b2c36\"\n },\n {\n \"lightness\": \"1\"\n }\n ]\n }\n]'><\/div><\/div><\/div><\/div><\/div><\/section><section class=\"l-section wpb_row height_huge\"><div class=\"l-section-h i-cf\"><div class=\"g-cols offset_medium\"><div class=\" one-third\"><div class=\"wpb_text_column \"><div class=\"wpb_wrapper\">\n<h3><strong>Fale\u00a0<\/strong>Conosco<\/h3>\n<p>Entre em contato com nossa equipe e saiba como podemos lhe ajudar. Teremos o maior prazer em receb\u00ea-lo em nosso escrit\u00f3rio.<\/p>\n<p>Traga seu projeto para n\u00f3s, voc\u00ea ter\u00e1 uma grande experi\u00eancia!<\/div> <\/div> <\/div><div class=\" one-third\"><div class=\"w-iconbox iconpos_left size_small style_default color_primary\"><div class=\"w-iconbox-icon\"><i class=\"fa fa-building\"><\/i><\/div><h4 class=\"w-iconbox-title\">Rua S\u00e3o Sebasti\u00e3o, 530 Uberaba-MG<\/h4><\/div><div class=\"w-separator type_invisible size_small thick_1 style_solid color_border cont_none\"><span class=\"w-separator-h\"><\/span><\/div><div class=\"w-iconbox iconpos_left size_small style_default color_primary\"><div class=\"w-iconbox-icon\"><i class=\"fa fa-phone\"><\/i><\/div><h4 class=\"w-iconbox-title\">+55 34 3321.5060<\/h4><\/div><div class=\"w-iconbox iconpos_left size_small style_default color_primary\"><div class=\"w-iconbox-icon\"><i class=\"fa fa-whatsapp\"><\/i><\/div><h4 class=\"w-iconbox-title\">+55 34 98867.1187<\/h4><\/div><div class=\"w-separator type_invisible size_small thick_1 style_solid color_border cont_none\"><span class=\"w-separator-h\"><\/span><\/div><div class=\"w-iconbox iconpos_left size_small style_default color_primary\"><div class=\"w-iconbox-icon\"><i class=\"fa fa-envelope\"><\/i><\/div><h4 class=\"w-iconbox-title\">site@foccosti.com.br<\/h4><\/div><\/div><div class=\" one-third\"><div class=\"w-form for_cform align_left\" id=\"us_form_1\">\n\t<form class=\"w-form-h\" autocomplete=\"off\" action=\"https:\/\/foccosti.com.br\/site\/site\/wp-json\/wp\/v2\/pages\/4828\" method=\"post\">\n\t\t\t\t\t\t\t<div class=\"w-form-row for_name required\">\n\t<div class=\"w-form-row-label\">\n\t\t<label for=\"us_form_1_name\"><\/label>\n\t<\/div>\n\t<div class=\"w-form-row-field\">\n\t\t\t\t<input type=\"text\" name=\"name\" id=\"us_form_1_name\" value=\"\"\n\t\t placeholder=\"Nome *\" data-required=\"true\" aria-required=\"true\"\/>\n\t\t<span class=\"w-form-row-field-bar\"><\/span>\n\t\t\t<\/div>\n\t<div class=\"w-form-row-state\"><\/div>\n\t<\/div>\n\t\t\t\t\t<div class=\"w-form-row for_email required\">\n\t<div class=\"w-form-row-label\">\n\t\t<label for=\"us_form_1_email\"><\/label>\n\t<\/div>\n\t<div class=\"w-form-row-field\">\n\t\t\t\t<input type=\"email\" name=\"email\" id=\"us_form_1_email\" value=\"\"\n\t\t placeholder=\"E-mail *\" data-required=\"true\" aria-required=\"true\"\/>\n\t\t<span class=\"w-form-row-field-bar\"><\/span>\n\t\t\t<\/div>\n\t<div class=\"w-form-row-state\"><\/div>\n\t<\/div>\n\t\t\t\t\t<div class=\"w-form-row for_phone required\">\n\t<div class=\"w-form-row-label\">\n\t\t<label for=\"us_form_1_phone\"><\/label>\n\t<\/div>\n\t<div class=\"w-form-row-field\">\n\t\t\t\t<input type=\"text\" name=\"phone\" id=\"us_form_1_phone\" value=\"\"\n\t\t placeholder=\"Telefone *\" data-required=\"true\" aria-required=\"true\"\/>\n\t\t<span class=\"w-form-row-field-bar\"><\/span>\n\t\t\t<\/div>\n\t<div class=\"w-form-row-state\"><\/div>\n\t<\/div>\n\t\t\t\t\t<div class=\"w-form-row for_message required\">\n\t<div class=\"w-form-row-label\">\n\t\t<label for=\"us_form_1_message\"><\/label>\n\t<\/div>\n\t<div class=\"w-form-row-field\">\n\t\t\t\t<textarea name=\"message\" id=\"us_form_1_message\" cols=\"30\" rows=\"10\" placeholder=\"Mensagem *\"\n\t\t\t data-required=\"true\" aria-required=\"true\"><\/textarea>\n\t\t<span class=\"w-form-row-field-bar\"><\/span>\n\t\t\t<\/div>\n\t<div class=\"w-form-row-state\"><\/div>\n\t<\/div>\n\t\t\t\t\t<input type=\"hidden\" name=\"action\" value=\"us_ajax_cform\"\/>\n\t\t\t\t\t<input type=\"hidden\" name=\"post_id\" value=\"4828\"\/>\n\t\t\t\t\t<input type=\"hidden\" name=\"form_index\" value=\"1\"\/>\n\t\t\t\t\t<div class=\"w-form-row for_submit\">\n\t<div class=\"w-form-row-field\">\n\t\t<button class=\"w-btn size_ color_primary style_solid\" type=\"submit\"><span class=\"g-preloader type_1\"><\/span><span class=\"w-btn-label\">Enviar mensagem<\/span><\/button>\n\t<\/div>\n<\/div>\n\t\t\t\t<div class=\"w-form-message\"><\/div>\n\t\t\t<\/form>\n\t\t\t<div class=\"w-form-json hidden\" onclick='return {&quot;ajaxurl&quot;:&quot;https:\\\/\\\/foccosti.com.br\\\/site\\\/wp-admin\\\/admin-ajax.php&quot;,&quot;success&quot;:&quot;Obrigado! Sua mensagem foi enviada.&quot;,&quot;errors&quot;:{&quot;name&quot;:&quot;Por favor informe seu nome&quot;,&quot;email&quot;:&quot;Por favor informe seu email&quot;,&quot;phone&quot;:&quot;Por favor informe seu telefone&quot;,&quot;message&quot;:&quot;Digite sua mensagem&quot;}}'><\/div>\n\t<\/div>\n<\/div><\/div><\/div><\/section>\n","protected":false},"excerpt":{"rendered":"Fale\u00a0Conosco Entre em contato com nossa equipe e saiba como podemos lhe ajudar. Teremos o maior prazer em receb\u00ea-lo em nosso escrit\u00f3rio. Traga seu projeto para n\u00f3s,...","protected":false},"author":1,"featured_media":0,"parent":0,"menu_order":0,"comment_status":"closed","ping_status":"closed","template":"","meta":[],"yoast_head":"\n<title>Contato - Foccos Tecnologia<\/title>\n<meta name=\"robots\" content=\"index, follow, max-snippet:-1, max-image-preview:large, max-video-preview:-1\" \/>\n<link rel=\"canonical\" href=\"https:\/\/foccosti.com.br\/site\/contato\/\" \/>\n<meta name=\"twitter:label1\" content=\"Est. tempo de leitura\" \/>\n\t<meta name=\"twitter:data1\" content=\"2 minutos\" \/>\n<script type=\"application\/ld+json\" class=\"yoast-schema-graph\">{\"@context\":\"https:\/\/schema.org\",\"@graph\":[{\"@type\":\"WebSite\",\"@id\":\"https:\/\/foccosti.com.br\/site\/#website\",\"url\":\"https:\/\/foccosti.com.br\/site\/\",\"name\":\"Foccos Tecnologia\",\"description\":\"Foccos Tecnologia - Web Site - Loja Virtual - E-commerce - Uberaba - Web Design - Sistema de Gest\u00e3o - CRM - ERP\",\"potentialAction\":[{\"@type\":\"SearchAction\",\"target\":{\"@type\":\"EntryPoint\",\"urlTemplate\":\"https:\/\/foccosti.com.br\/site\/?s={search_term_string}\"},\"query-input\":\"required name=search_term_string\"}],\"inLanguage\":\"pt-BR\"},{\"@type\":\"WebPage\",\"@id\":\"https:\/\/foccosti.com.br\/site\/contato\/\",\"url\":\"https:\/\/foccosti.com.br\/site\/contato\/\",\"name\":\"Contato - Foccos Tecnologia\",\"isPartOf\":{\"@id\":\"https:\/\/foccosti.com.br\/site\/#website\"},\"datePublished\":\"2015-10-26T11:08:51+00:00\",\"dateModified\":\"2016-06-22T20:57:07+00:00\",\"breadcrumb\":{\"@id\":\"https:\/\/foccosti.com.br\/site\/contato\/#breadcrumb\"},\"inLanguage\":\"pt-BR\",\"potentialAction\":[{\"@type\":\"ReadAction\",\"target\":[\"https:\/\/foccosti.com.br\/site\/contato\/\"]}]},{\"@type\":\"BreadcrumbList\",\"@id\":\"https:\/\/foccosti.com.br\/site\/contato\/#breadcrumb\",\"itemListElement\":[{\"@type\":\"ListItem\",\"position\":1,\"name\":\"Contato\"}]}]}<\/script>\n","yoast_head_json":{"title":"Contato - Foccos Tecnologia","robots":{"index":"index","follow":"follow","max-snippet":"max-snippet:-1","max-image-preview":"max-image-preview:large","max-video-preview":"max-video-preview:-1"},"canonical":"https:\/\/foccosti.com.br\/site\/contato\/","twitter_misc":{"Est. tempo de leitura":"2 minutos"},"schema":{"@context":"https:\/\/schema.org","@graph":[{"@type":"WebSite","@id":"https:\/\/foccosti.com.br\/site\/#website","url":"https:\/\/foccosti.com.br\/site\/","name":"Foccos Tecnologia","description":"Foccos Tecnologia - Web Site - Loja Virtual - E-commerce - Uberaba - Web Design - Sistema de Gest\u00e3o - CRM - ERP","potentialAction":[{"@type":"SearchAction","target":{"@type":"EntryPoint","urlTemplate":"https:\/\/foccosti.com.br\/site\/?s={search_term_string}"},"query-input":"required name=search_term_string"}],"inLanguage":"pt-BR"},{"@type":"WebPage","@id":"https:\/\/foccosti.com.br\/site\/contato\/","url":"https:\/\/foccosti.com.br\/site\/contato\/","name":"Contato - Foccos Tecnologia","isPartOf":{"@id":"https:\/\/foccosti.com.br\/site\/#website"},"datePublished":"2015-10-26T11:08:51+00:00","dateModified":"2016-06-22T20:57:07+00:00","breadcrumb":{"@id":"https:\/\/foccosti.com.br\/site\/contato\/#breadcrumb"},"inLanguage":"pt-BR","potentialAction":[{"@type":"ReadAction","target":["https:\/\/foccosti.com.br\/site\/contato\/"]}]},{"@type":"BreadcrumbList","@id":"https:\/\/foccosti.com.br\/site\/contato\/#breadcrumb","itemListElement":[{"@type":"ListItem","position":1,"name":"Contato"}]}]}},"_links":{"self":[{"href":"https:\/\/foccosti.com.br\/site\/wp-json\/wp\/v2\/pages\/4828"}],"collection":[{"href":"https:\/\/foccosti.com.br\/site\/wp-json\/wp\/v2\/pages"}],"about":[{"href":"https:\/\/foccosti.com.br\/site\/wp-json\/wp\/v2\/types\/page"}],"author":[{"embeddable":true,"href":"https:\/\/foccosti.com.br\/site\/wp-json\/wp\/v2\/users\/1"}],"replies":[{"embeddable":true,"href":"https:\/\/foccosti.com.br\/site\/wp-json\/wp\/v2\/comments?post=4828"}],"version-history":[{"count":0,"href":"https:\/\/foccosti.com.br\/site\/wp-json\/wp\/v2\/pages\/4828\/revisions"}],"wp:attachment":[{"href":"https:\/\/foccosti.com.br\/site\/wp-json\/wp\/v2\/media?parent=4828"}],"curies":[{"name":"wp","href":"https:\/\/api.w.org\/{rel}","templated":true}]}}