{"id":524,"date":"2012-01-05T18:13:51","date_gmt":"2012-01-05T18:13:51","guid":{"rendered":"http:\/\/foccosti.com.br\/site\/?page_id=524"},"modified":"2016-06-27T13:10:40","modified_gmt":"2016-06-27T13:10:40","slug":"solucoes","status":"publish","type":"page","link":"https:\/\/foccosti.com.br\/site\/solucoes\/","title":{"rendered":"Solu\u00e7\u00f5es"},"content":{"rendered":"<section class=\"l-section wpb_row height_huge with_img\"><div class=\"l-section-img\" style=\"background-image: url(https:\/\/foccosti.com.br\/site\/wp-content\/uploads\/2013\/05\/what-we-do-bg_3.jpg);background-position: bottom right;background-repeat: no-repeat;background-size: contain;\" data-img-width=\"707\" data-img-height=\"1041\"><\/div><div class=\"l-section-h i-cf\"><div class=\"g-cols offset_small\"><div class=\" full-width\"><div class=\"wpb_text_column \"><div class=\"wpb_wrapper\">\n<h2 style=\"text-align: center;\"><strong>O QUE <\/strong>PODEMOS FAZER POR VOC\u00ca<\/h2>\n<\/div> <\/div> <div class=\"w-separator type_invisible size_huge thick_1 style_solid color_border cont_none\"><span class=\"w-separator-h\"><\/span><\/div><div class=\"g-cols wpb_row offset_large vc_inner \"><div class=\" one-third animate_afb\"><div class=\"w-iconbox iconpos_top size_large style_outlined color_primary\"><a class=\"w-iconbox-link\" href=\"http:\/\/foccosti.com.br\/site\/web-site-wordpress\/\"><div class=\"w-iconbox-icon\"><i class=\"fa fa-wordpress\"><\/i><\/div><h4 class=\"w-iconbox-title\">Web Sites<\/h4><\/a><div class=\"w-iconbox-text\">Com o poderoso WordPress desenvolvemos muito mais que websites, n\u00f3s superamos as expectativas de nossos clientes buscando solu\u00e7\u00f5es inovadoras, r\u00e1pidas e pr\u00e1ticas para qualquer necessidade.<\/div><\/div><div class=\"w-separator type_invisible size_huge thick_1 style_solid color_border cont_none\"><span class=\"w-separator-h\"><\/span><\/div><div class=\"w-iconbox iconpos_top size_large style_outlined color_primary\"><a class=\"w-iconbox-link\" href=\"http:\/\/foccosti.com.br\/site\/marketing-digital-8-ps\/\" target=\"_blank\"><div class=\"w-iconbox-icon\"><i class=\"fa fa-dashboard\"><\/i><\/div><h4 class=\"w-iconbox-title\">Marketing Digital<\/h4><\/a><div class=\"w-iconbox-text\">O m\u00e9todo de trabalho da Foccos se ap\u00f3ia em 8 passos bem definidos chamados os \u201c8 Ps do Marketing Digital\u201d, e tem sido comprovado pelo mercado dia a dia atrav\u00e9s dos resultados de nossos clientes.<\/div><\/div><div class=\"w-separator type_invisible size_huge thick_1 style_solid color_border cont_none\"><span class=\"w-separator-h\"><\/span><\/div><div class=\"w-iconbox iconpos_top size_large style_outlined color_primary\"><a class=\"w-iconbox-link\" href=\"https:\/\/www.iturn.com.br\" target=\"_blank\"><div class=\"w-iconbox-icon\"><i class=\"fa fa-briefcase\"><\/i><\/div><h4 class=\"w-iconbox-title\">Sistemas de Gest\u00e3o<\/h4><\/a><div class=\"w-iconbox-text\">Sistema de gest\u00e3o empresarial &#8211; ERP organiza sua empresa, diminui o tempo de execu\u00e7\u00e3o das tarefas, padroniza os processos operacionais aumentando a qualidade e a produtividade do seu neg\u00f3cio.<\/div><\/div><\/div><div class=\" one-third animate_afb d1\"><div class=\"w-iconbox iconpos_top size_large style_outlined color_primary\"><a class=\"w-iconbox-link\" href=\"http:\/\/foccosti.com.br\/site\/loja-virtual-e-commerce\/\"><div class=\"w-iconbox-icon\"><i class=\"fa fa-shopping-cart\"><\/i><\/div><h4 class=\"w-iconbox-title\">Lojas Virtuais<\/h4><\/a><div class=\"w-iconbox-text\">H\u00e1 mais de 10 anos auxiliamos empresas de diversos segmentos a vender produtos e servi\u00e7os online. Desenvolvemos uma plataforma pr\u00f3pria exclusiva para com\u00e9rcio eletr\u00f4nico.<\/div><\/div><div class=\"w-separator type_invisible size_huge thick_1 style_solid color_border cont_none\"><span class=\"w-separator-h\"><\/span><\/div><div class=\"w-iconbox iconpos_top size_large style_outlined color_primary\"><a class=\"w-iconbox-link\" href=\"http:\/\/foccosti.com.br\/site\/solucoes-google\/\"><div class=\"w-iconbox-icon\"><i class=\"fa fa-google-plus\"><\/i><\/div><h4 class=\"w-iconbox-title\">Google Tools<\/h4><\/a><div class=\"w-iconbox-text\">Voc\u00ea quer ser encontrado na Web. N\u00f3s queremos ajudar. Com t\u00e9cnicas de SEO alavancamos o desempenho do seu website nas pesquisas com o Google. Otimizamos os resultados da sua empresa na internet.<\/div><\/div><div class=\"w-separator type_invisible size_huge thick_1 style_solid color_border cont_none\"><span class=\"w-separator-h\"><\/span><\/div><div class=\"w-iconbox iconpos_top size_large style_outlined color_primary\"><div class=\"w-iconbox-icon\"><i class=\"fa fa-rocket\"><\/i><\/div><h4 class=\"w-iconbox-title\">Consultoria<\/h4><div class=\"w-iconbox-text\">Consultoria para startups desde a idea\u00e7\u00e3o, Canvas, Job to be done, pitchs, assessoria para projetos web, plano de viabilidade t\u00e9cnica e econ\u00f4mica, capta\u00e7\u00e3o de recursos n\u00e3o reembols\u00e1veis e subven\u00e7\u00f5es econ\u00f4micas.<\/div><\/div><\/div><div class=\" one-third animate_afb d2\"><div class=\"w-iconbox iconpos_top size_large style_outlined color_primary\"><a class=\"w-iconbox-link\" href=\"http:\/\/foccosti.com.br\/site\/ebooks-catalogo-revista-jornal-digital\/\"><div class=\"w-iconbox-icon\"><i class=\"fa fa-book\"><\/i><\/div><h4 class=\"w-iconbox-title\">FlipBook Digital<\/h4><\/a><div class=\"w-iconbox-text\">Seu ebook, revista, jornal, cat\u00e1logo digital e muito mais. Integra\u00e7\u00e3o com redes sociais e maior interatividade com o leitor. Possu\u00edmos a melhor plataforma para publica\u00e7\u00f5es de documentos eletr\u00f4nicos na internet.<\/div><\/div><div class=\"w-separator type_invisible size_huge thick_1 style_solid color_border cont_none\"><span class=\"w-separator-h\"><\/span><\/div><div class=\"w-iconbox iconpos_top size_large style_outlined color_primary\"><div class=\"w-iconbox-icon\"><i class=\"fa fa-android\"><\/i><\/div><h4 class=\"w-iconbox-title\">APPs Android e iOS<\/h4><div class=\"w-iconbox-text\">Utilizando o conceito de Scrum nossa equipe trabalhar\u00e1 junto com voc\u00ea, desde o projeto inicial da ideia, passando pelo escopo, desenvolvimento e testes at\u00e9 o treinamento e implanta\u00e7\u00e3o do aplicativo.<\/div><\/div><div class=\"w-separator type_invisible size_huge thick_1 style_solid color_border cont_none\"><span class=\"w-separator-h\"><\/span><\/div><div class=\"w-iconbox iconpos_top size_large style_outlined color_primary\"><a class=\"w-iconbox-link\" href=\"http:\/\/foccosti.com.br\/site\/solucoes-midias-sociais\/\"><div class=\"w-iconbox-icon\"><i class=\"fa fa-facebook\"><\/i><\/div><h4 class=\"w-iconbox-title\">M\u00eddias Sociais<\/h4><\/a><div class=\"w-iconbox-text\">Relacionamento \u00e9 sin\u00f4nimo de M\u00eddias Sociais, voc\u00ea poder\u00e1 apresentar o seu produto ao mesmo tempo para v\u00e1rias pessoas no mundo inteiro. Conversar, tirar d\u00favidas de clientes e aumentar as vendas da sua empresa.<\/div><\/div><\/div><\/div><\/div><\/div><\/div><\/section><section class=\"l-section wpb_row height_large color_primary\"><div class=\"l-section-h i-cf\"><div class=\"g-cols offset_small\"><div class=\" full-width animate_fade\"><div class=\"w-actionbox color_primary controls_right\"><div class=\"w-actionbox-text\"><h2>Traga seu projeto para quem entende!<\/h2><\/div><div class=\"w-actionbox-controls\"><a class=\"w-btn color_white style_outlined icon_none\" href=\"http:\/\/foccosti.com.br\/site\/contato\/\" style=\"font-size: 18px;\"><span class=\"w-btn-label\">Fale Conosco<\/span><\/a><\/div><\/div><\/div><\/div><\/div><\/section>\n","protected":false},"excerpt":{"rendered":"O QUE PODEMOS FAZER POR VOC\u00ca Web SitesCom o poderoso WordPress desenvolvemos muito mais que websites, n\u00f3s superamos as expectativas de nossos clientes buscando solu\u00e7\u00f5es inovadoras, r\u00e1pidas...","protected":false},"author":1,"featured_media":0,"parent":0,"menu_order":0,"comment_status":"open","ping_status":"open","template":"","meta":[],"yoast_head":"\n<title>Solu\u00e7\u00f5es - Foccos Tecnologia<\/title>\n<meta name=\"robots\" content=\"index, follow, max-snippet:-1, max-image-preview:large, max-video-preview:-1\" \/>\n<link rel=\"canonical\" href=\"https:\/\/foccosti.com.br\/site\/solucoes\/\" \/>\n<meta name=\"twitter:label1\" content=\"Est. tempo de leitura\" \/>\n\t<meta name=\"twitter:data1\" content=\"3 minutos\" \/>\n<script type=\"application\/ld+json\" class=\"yoast-schema-graph\">{\"@context\":\"https:\/\/schema.org\",\"@graph\":[{\"@type\":\"WebSite\",\"@id\":\"https:\/\/foccosti.com.br\/site\/#website\",\"url\":\"https:\/\/foccosti.com.br\/site\/\",\"name\":\"Foccos Tecnologia\",\"description\":\"Foccos Tecnologia - Web Site - Loja Virtual - E-commerce - Uberaba - Web Design - Sistema de Gest\u00e3o - CRM - ERP\",\"potentialAction\":[{\"@type\":\"SearchAction\",\"target\":{\"@type\":\"EntryPoint\",\"urlTemplate\":\"https:\/\/foccosti.com.br\/site\/?s={search_term_string}\"},\"query-input\":\"required name=search_term_string\"}],\"inLanguage\":\"pt-BR\"},{\"@type\":\"WebPage\",\"@id\":\"https:\/\/foccosti.com.br\/site\/solucoes\/\",\"url\":\"https:\/\/foccosti.com.br\/site\/solucoes\/\",\"name\":\"Solu\u00e7\u00f5es - Foccos Tecnologia\",\"isPartOf\":{\"@id\":\"https:\/\/foccosti.com.br\/site\/#website\"},\"datePublished\":\"2012-01-05T18:13:51+00:00\",\"dateModified\":\"2016-06-27T13:10:40+00:00\",\"breadcrumb\":{\"@id\":\"https:\/\/foccosti.com.br\/site\/solucoes\/#breadcrumb\"},\"inLanguage\":\"pt-BR\",\"potentialAction\":[{\"@type\":\"ReadAction\",\"target\":[\"https:\/\/foccosti.com.br\/site\/solucoes\/\"]}]},{\"@type\":\"BreadcrumbList\",\"@id\":\"https:\/\/foccosti.com.br\/site\/solucoes\/#breadcrumb\",\"itemListElement\":[{\"@type\":\"ListItem\",\"position\":1,\"name\":\"Solu\u00e7\u00f5es\"}]}]}<\/script>\n","yoast_head_json":{"title":"Solu\u00e7\u00f5es - Foccos Tecnologia","robots":{"index":"index","follow":"follow","max-snippet":"max-snippet:-1","max-image-preview":"max-image-preview:large","max-video-preview":"max-video-preview:-1"},"canonical":"https:\/\/foccosti.com.br\/site\/solucoes\/","twitter_misc":{"Est. tempo de leitura":"3 minutos"},"schema":{"@context":"https:\/\/schema.org","@graph":[{"@type":"WebSite","@id":"https:\/\/foccosti.com.br\/site\/#website","url":"https:\/\/foccosti.com.br\/site\/","name":"Foccos Tecnologia","description":"Foccos Tecnologia - Web Site - Loja Virtual - E-commerce - Uberaba - Web Design - Sistema de Gest\u00e3o - CRM - ERP","potentialAction":[{"@type":"SearchAction","target":{"@type":"EntryPoint","urlTemplate":"https:\/\/foccosti.com.br\/site\/?s={search_term_string}"},"query-input":"required name=search_term_string"}],"inLanguage":"pt-BR"},{"@type":"WebPage","@id":"https:\/\/foccosti.com.br\/site\/solucoes\/","url":"https:\/\/foccosti.com.br\/site\/solucoes\/","name":"Solu\u00e7\u00f5es - Foccos Tecnologia","isPartOf":{"@id":"https:\/\/foccosti.com.br\/site\/#website"},"datePublished":"2012-01-05T18:13:51+00:00","dateModified":"2016-06-27T13:10:40+00:00","breadcrumb":{"@id":"https:\/\/foccosti.com.br\/site\/solucoes\/#breadcrumb"},"inLanguage":"pt-BR","potentialAction":[{"@type":"ReadAction","target":["https:\/\/foccosti.com.br\/site\/solucoes\/"]}]},{"@type":"BreadcrumbList","@id":"https:\/\/foccosti.com.br\/site\/solucoes\/#breadcrumb","itemListElement":[{"@type":"ListItem","position":1,"name":"Solu\u00e7\u00f5es"}]}]}},"_links":{"self":[{"href":"https:\/\/foccosti.com.br\/site\/wp-json\/wp\/v2\/pages\/524"}],"collection":[{"href":"https:\/\/foccosti.com.br\/site\/wp-json\/wp\/v2\/pages"}],"about":[{"href":"https:\/\/foccosti.com.br\/site\/wp-json\/wp\/v2\/types\/page"}],"author":[{"embeddable":true,"href":"https:\/\/foccosti.com.br\/site\/wp-json\/wp\/v2\/users\/1"}],"replies":[{"embeddable":true,"href":"https:\/\/foccosti.com.br\/site\/wp-json\/wp\/v2\/comments?post=524"}],"version-history":[{"count":0,"href":"https:\/\/foccosti.com.br\/site\/wp-json\/wp\/v2\/pages\/524\/revisions"}],"wp:attachment":[{"href":"https:\/\/foccosti.com.br\/site\/wp-json\/wp\/v2\/media?parent=524"}],"curies":[{"name":"wp","href":"https:\/\/api.w.org\/{rel}","templated":true}]}}