{"id":723,"date":"2012-01-23T14:26:13","date_gmt":"2012-01-23T16:26:13","guid":{"rendered":"http:\/\/foccosti.com.br\/site\/?page_id=723"},"modified":"2014-02-14T16:49:35","modified_gmt":"2014-02-14T16:49:35","slug":"google-shopping","status":"publish","type":"page","link":"https:\/\/foccosti.com.br\/site\/google-shopping\/","title":{"rendered":"Google Shopping"},"content":{"rendered":"<h2>Aumente suas vendas com o Google Shopping<\/h2>\n<p>O Google Shopping ajuda os compradores a encontrar e adquirir produtos na web. Como comerciante, voc\u00ea pode enviar seus produtos ao Google Shopping, permitindo que os compradores encontrem seu site com rapidez e facilidade.<\/p>\n<div><img loading=\"lazy\" class=\"alignleft\" alt=\"\" src=\"http:\/\/foccosti.com.br\/site\/wp-content\/uploads\/2012\/02\/line_graph-y32.png\" width=\"32\" height=\"32\" \/><\/p>\n<div>\n<h3>\u00a0Aumente suas vendas<\/h3>\n<p>O Google Shopping conecta seus produtos a compradores que pesquisam sobre eles, ajudando a gerar tr\u00e1fego e vendas em sua loja. Seus produtos ser\u00e3o exibidos no Google Shopping e talvez no Google.com.br, dependendo da relev\u00e2ncia de seu item.<\/p>\n<\/div>\n<\/div>\n<div><img loading=\"lazy\" class=\"alignleft\" alt=\"\" src=\"http:\/\/foccosti.com.br\/site\/wp-content\/uploads\/2012\/02\/products-32.gif\" width=\"32\" height=\"32\" \/><\/p>\n<div>\n<h3>\u00a0Envie produtos gratuitamente<\/h3>\n<p>A inclus\u00e3o de produtos \u00e9 totalmente gratuita. N\u00e3o h\u00e1 cobran\u00e7a pelo upload de seus itens nem pelo tr\u00e1fego adicional recebido.<\/p>\n<\/div>\n<\/div>\n<div><img loading=\"lazy\" class=\"alignleft\" alt=\"\" src=\"http:\/\/foccosti.com.br\/site\/wp-content\/uploads\/2012\/02\/people-y32.png\" width=\"32\" height=\"32\" \/><\/p>\n<div>\n<h3>\u00a0Atinja compradores qualificados<\/h3>\n<p>Apare\u00e7a para quem compra exatamente no momento em que eles pesquisam por produtos no Google.<\/p>\n<p>&nbsp;<\/p>\n<div>\n<h2>Como funciona o Google Shopping?<\/h2>\n<div><img loading=\"lazy\" alt=\"\" src=\"http:\/\/foccosti.com.br\/site\/wp-content\/uploads\/2012\/02\/ps_mc.png\" width=\"160\" height=\"97\" \/><\/p>\n<div>\n<h3>1. Envie seus produtos pelo Google Merchant Center<\/h3>\n<p>\u00c9 poss\u00edvel enviar os produtos com um <a href=\"http:\/\/www.google.com.br\/merchants\/newfeed\">feed de dados<\/a>. Voc\u00ea ser\u00e1 encaminhado ao Google Merchant Center para enviar as informa\u00e7\u00f5es de seu produto.<\/p>\n<\/div>\n<\/div>\n<div><img loading=\"lazy\" alt=\"\" src=\"http:\/\/foccosti.com.br\/site\/wp-content\/uploads\/2012\/02\/ps_ps.png\" width=\"160\" height=\"100\" \/><\/p>\n<div>\n<h3>2. Os usu\u00e1rios encontram voc\u00ea no Google Shopping<\/h3>\n<p>Seus produtos ser\u00e3o exibidos no Google Shopping e talvez no Google.com.br. Sua loja e seus produtos ser\u00e3o mostrados aos compradores quando eles digitarem termos de pesquisa relevantes a suas ofertas de produtos. Os compradores clicar\u00e3o em suas informa\u00e7\u00f5es do produto e ser\u00e3o direcionados para seu site.<\/p>\n<p>&nbsp;<\/p>\n<h2>Maneiras de enviar seus produtos<\/h2>\n<p>No momento, oferecemos a voc\u00ea v\u00e1rias maneiras de enviar as informa\u00e7\u00f5es de seu produto.<\/p>\n<div><img loading=\"lazy\" class=\"alignleft\" alt=\"\" src=\"http:\/\/foccosti.com.br\/site\/wp-content\/uploads\/2012\/02\/datafeed.png\" width=\"40\" height=\"40\" \/><\/p>\n<div>\n<h3>\u00a0Feed de dados<\/h3>\n<p>Recomendamos a cria\u00e7\u00e3o de um feed de dados com todo o seu conte\u00fado em um \u00fanico arquivo XML ou de texto delimitado por tabula\u00e7\u00f5es. Voc\u00ea pode nos enviar seu feed de dados atrav\u00e9s de sua conta do Google Merchant Center ou atrav\u00e9s do Protocolo de transfer\u00eancia de arquivos (FTP).<\/p>\n<\/div>\n<\/div>\n<p><img loading=\"lazy\" class=\"alignleft\" alt=\"\" src=\"http:\/\/foccosti.com.br\/site\/wp-content\/uploads\/2012\/02\/api.png\" width=\"40\" height=\"40\" \/><\/p>\n<h3>\u00a0API<\/h3>\n<p>A Google Content API for Shopping foi criada para desenvolvedores com conhecimento t\u00e9cnico que desejam integrar seus aplicativos ao Google Merchant Center. Seu aplicativo pode enviar dados novos, atualizar ou excluir itens existentes e consultar dados do Google Merchant Center a fim de encontrar correspond\u00eancias para os complexos crit\u00e9rios de atributo. A Google Content API for Shopping usa o mesmo protocolo subjacente das outras APIs de dados do Google.<\/p>\n<p>&nbsp;<\/p>\n<h2>Produtos do Google relacionados<\/h2>\n<div><img loading=\"lazy\" class=\"alignleft\" alt=\"\" src=\"http:\/\/foccosti.com.br\/site\/wp-content\/uploads\/2012\/02\/adwords.png\" width=\"32\" height=\"34\" \/><\/p>\n<div>\n<h3>\u00a0Encontre poss\u00edveis compradores com o Google AdWords<\/h3>\n<p>Anuncie com o Google AdWords e conecte-se com clientes em potencial quando eles pesquisarem seus produtos no Google.<a href=\"https:\/\/adwords.google.com\/um\/StartNewAccount?hl=br\"><br \/>\n<\/a><\/p>\n<\/div>\n<\/div>\n<p><img loading=\"lazy\" class=\"alignleft\" alt=\"\" src=\"http:\/\/foccosti.com.br\/site\/wp-content\/uploads\/2012\/02\/analytics.png\" width=\"32\" height=\"34\" \/><\/p>\n<h3>\u00a0Analise o tr\u00e1fego de seu website com o Google Analytics<\/h3>\n<p>O Google Analytics \u00e9 uma solu\u00e7\u00e3o gratuita de an\u00e1lise da web que ajuda voc\u00ea a entender como as pessoas encontram, navegam e chegam a seus sites. Com o Google Analytics, voc\u00ea pode acompanhar as m\u00e9tricas de tr\u00e1fego e convers\u00e3o de suas listagens no Google Shopping.<\/p>\n<\/div>\n<\/div>\n<\/div>\n<\/div>\n<\/div>\n","protected":false},"excerpt":{"rendered":"<p>Aumente suas vendas com o Google Shopping O Google Shopping ajuda os compradores a encontrar e adquirir produtos na web. Como comerciante, voc\u00ea pode enviar seus produtos&#8230;<\/p>\n","protected":false},"author":1,"featured_media":0,"parent":0,"menu_order":0,"comment_status":"open","ping_status":"open","template":"fullwidth.php","meta":[],"yoast_head":"\n<title>Google Shopping - Foccos Tecnologia<\/title>\n<meta name=\"description\" content=\"Google Shopping\" \/>\n<meta name=\"robots\" content=\"index, follow, max-snippet:-1, max-image-preview:large, max-video-preview:-1\" \/>\n<link rel=\"canonical\" href=\"https:\/\/foccosti.com.br\/site\/google-shopping\/\" \/>\n<meta name=\"twitter:label1\" content=\"Est. tempo de leitura\" \/>\n\t<meta name=\"twitter:data1\" content=\"2 minutos\" \/>\n<script type=\"application\/ld+json\" class=\"yoast-schema-graph\">{\"@context\":\"https:\/\/schema.org\",\"@graph\":[{\"@type\":\"WebSite\",\"@id\":\"https:\/\/foccosti.com.br\/site\/#website\",\"url\":\"https:\/\/foccosti.com.br\/site\/\",\"name\":\"Foccos Tecnologia\",\"description\":\"Foccos Tecnologia - Web Site - Loja Virtual - E-commerce - Uberaba - Web Design - Sistema de Gest\u00e3o - CRM - ERP\",\"potentialAction\":[{\"@type\":\"SearchAction\",\"target\":{\"@type\":\"EntryPoint\",\"urlTemplate\":\"https:\/\/foccosti.com.br\/site\/?s={search_term_string}\"},\"query-input\":\"required name=search_term_string\"}],\"inLanguage\":\"pt-BR\"},{\"@type\":\"WebPage\",\"@id\":\"https:\/\/foccosti.com.br\/site\/google-shopping\/\",\"url\":\"https:\/\/foccosti.com.br\/site\/google-shopping\/\",\"name\":\"Google Shopping - Foccos Tecnologia\",\"isPartOf\":{\"@id\":\"https:\/\/foccosti.com.br\/site\/#website\"},\"datePublished\":\"2012-01-23T16:26:13+00:00\",\"dateModified\":\"2014-02-14T16:49:35+00:00\",\"description\":\"Google Shopping\",\"breadcrumb\":{\"@id\":\"https:\/\/foccosti.com.br\/site\/google-shopping\/#breadcrumb\"},\"inLanguage\":\"pt-BR\",\"potentialAction\":[{\"@type\":\"ReadAction\",\"target\":[\"https:\/\/foccosti.com.br\/site\/google-shopping\/\"]}]},{\"@type\":\"BreadcrumbList\",\"@id\":\"https:\/\/foccosti.com.br\/site\/google-shopping\/#breadcrumb\",\"itemListElement\":[{\"@type\":\"ListItem\",\"position\":1,\"name\":\"Google Shopping\"}]}]}<\/script>\n","yoast_head_json":{"title":"Google Shopping - Foccos Tecnologia","description":"Google Shopping","robots":{"index":"index","follow":"follow","max-snippet":"max-snippet:-1","max-image-preview":"max-image-preview:large","max-video-preview":"max-video-preview:-1"},"canonical":"https:\/\/foccosti.com.br\/site\/google-shopping\/","twitter_misc":{"Est. tempo de leitura":"2 minutos"},"schema":{"@context":"https:\/\/schema.org","@graph":[{"@type":"WebSite","@id":"https:\/\/foccosti.com.br\/site\/#website","url":"https:\/\/foccosti.com.br\/site\/","name":"Foccos Tecnologia","description":"Foccos Tecnologia - Web Site - Loja Virtual - E-commerce - Uberaba - Web Design - Sistema de Gest\u00e3o - CRM - ERP","potentialAction":[{"@type":"SearchAction","target":{"@type":"EntryPoint","urlTemplate":"https:\/\/foccosti.com.br\/site\/?s={search_term_string}"},"query-input":"required name=search_term_string"}],"inLanguage":"pt-BR"},{"@type":"WebPage","@id":"https:\/\/foccosti.com.br\/site\/google-shopping\/","url":"https:\/\/foccosti.com.br\/site\/google-shopping\/","name":"Google Shopping - Foccos Tecnologia","isPartOf":{"@id":"https:\/\/foccosti.com.br\/site\/#website"},"datePublished":"2012-01-23T16:26:13+00:00","dateModified":"2014-02-14T16:49:35+00:00","description":"Google Shopping","breadcrumb":{"@id":"https:\/\/foccosti.com.br\/site\/google-shopping\/#breadcrumb"},"inLanguage":"pt-BR","potentialAction":[{"@type":"ReadAction","target":["https:\/\/foccosti.com.br\/site\/google-shopping\/"]}]},{"@type":"BreadcrumbList","@id":"https:\/\/foccosti.com.br\/site\/google-shopping\/#breadcrumb","itemListElement":[{"@type":"ListItem","position":1,"name":"Google Shopping"}]}]}},"_links":{"self":[{"href":"https:\/\/foccosti.com.br\/site\/wp-json\/wp\/v2\/pages\/723"}],"collection":[{"href":"https:\/\/foccosti.com.br\/site\/wp-json\/wp\/v2\/pages"}],"about":[{"href":"https:\/\/foccosti.com.br\/site\/wp-json\/wp\/v2\/types\/page"}],"author":[{"embeddable":true,"href":"https:\/\/foccosti.com.br\/site\/wp-json\/wp\/v2\/users\/1"}],"replies":[{"embeddable":true,"href":"https:\/\/foccosti.com.br\/site\/wp-json\/wp\/v2\/comments?post=723"}],"version-history":[{"count":0,"href":"https:\/\/foccosti.com.br\/site\/wp-json\/wp\/v2\/pages\/723\/revisions"}],"wp:attachment":[{"href":"https:\/\/foccosti.com.br\/site\/wp-json\/wp\/v2\/media?parent=723"}],"curies":[{"name":"wp","href":"https:\/\/api.w.org\/{rel}","templated":true}]}}