{"id":79,"date":"2012-01-05T17:38:26","date_gmt":"2012-01-05T17:38:26","guid":{"rendered":"http:\/\/foccosti.com.br\/site\/?page_id=79"},"modified":"2014-02-14T17:07:16","modified_gmt":"2014-02-14T17:07:16","slug":"google-seo-otimizacao-de-web-sites-e-lojas-virtuais","status":"publish","type":"page","link":"https:\/\/foccosti.com.br\/site\/google-seo-otimizacao-de-web-sites-e-lojas-virtuais\/","title":{"rendered":"Foccos | Google SEO &#8211; Otimiza\u00e7\u00e3o de Web Sites e Lojas Virtuais"},"content":{"rendered":"<h2>Google SEO &#8211; Otimiza\u00e7\u00e3o de web Sites<\/h2>\n<p>Google SEO &#8211; Com a otimiza\u00e7\u00e3o de site voc\u00ea fica mais vis\u00edvel na Internet. Para ficar vis\u00edvel, precisa ter bom posicionamento. Ou seja, quanto mais o seu site se aproxima dos primeiros, mais ele \u00e9 visto e visitado.<\/p>\n<p>De que adianta um site que n\u00e3o tem visitantes? De que adianta um site cujos visitantes n\u00e3o compram?<\/p>\n<p>Para ter mais visitantes e fazer vendas, \u00e9 preciso ficar bem colocado, ou seja, aparecer nas primeiras p\u00e1ginas das listas de resultados, no Google, BING, UOL e YAHOO, por meio da boa otimiza\u00e7\u00e3o de sites.<\/p>\n<p>SEO consiste na otimiza\u00e7\u00e3o de um site para obter melhor resultado na busca org\u00e2nica do Google e outros motores de busca. O objetivo principal \u00e9 fazer com que o site apare\u00e7a listado na primeira p\u00e1gina do Google e de outros buscadores e at\u00e9 mesmo no primeiro lugar do resultado da pesquisa sem pagar pelo an\u00fancio.<\/p>\n<p>Hoje existem milhares de pessoas na Internet realizando buscas, onde muitas delas est\u00e3o procurando exatamente o que voc\u00ea vende ou oferece. O processo de posicionar o seu site no topo dos resultados dos mecanismos de busca \u00e9 conhecido como SEO (Search Engine Optimization).<\/p>\n<p>A Otimiza\u00e7\u00e3o de Sites, como \u00e9 chamado o SEO no Brasil, tem provado que \u00e9 um dos mecanismos de marketing mais eficientes quando se fala em custo-benef\u00edcio. A Foccos \u00e9 uma empresa s\u00e9ria, com experi\u00eancia no mercado brasileiro, sendo a melhor op\u00e7\u00e3o para o desenvolvimento do SEO em seu site.<\/p>\n<h2>Prospec\u00e7\u00e3o de Links atrav\u00e9s de redes sociais<\/h2>\n<p>Redes sociais existem independentemente da internet. Pode-se entender que essas redes congregam rela\u00e7\u00f5es entre pessoas sobre um determinado tema ou discuss\u00e3o. A internet apenas fez com que essas pessoas n\u00e3o precisassem mais estar fisicamente pr\u00f3ximas para que pudessem conversar sobre os temas que as interessassem. E esse \u00e9 um dos pontos que devem ser aproveitados no link building.<\/p>\n<p><strong>Enquanto navegam na Internet,<\/strong>\u00a0<strong>as pessoas<\/strong>\u00a0<strong>fazem muitas coisas ao mesmo tempo, uma delas \u00e9 distribuir links<\/strong>. Pense em como as pessoas geralmente postam, em sites de redes sociais como Orkut, Facebook e Twitter, links encontrados em seu processo de busca por informa\u00e7\u00f5es. No Twitter, isso acontece com muita frequ\u00eancia, trata-se inclusive de uma estrat\u00e9gia para atrair seguidores, afinal a\u00e7\u00f5es como essas, al\u00e9m de promover muitos &#8220;RTs&#8221;, podem fazer com que outras pessoas se interessem pelo conte\u00fado frequentemente postado.<\/p>\n<p>Basta o usu\u00e1rio achar que algo possa ser interessante para mais algu\u00e9m e uma p\u00e1gina acaba sendo referenciada atrav\u00e9s de links nas redes sociais.<\/p>\n<p>Ao navegar pela internet, o usu\u00e1rio tamb\u00e9m pode estar conversando no MSN ou algum outro software mensageiro e receber de seus colegas links de p\u00e1ginas com conte\u00fado \u00fatil ou engra\u00e7ado, ent\u00e3o ele pode entender que um desses links \u00e9 relevante para algu\u00e9m e post\u00e1-lo atrav\u00e9s do Twitter.<\/p>\n<p>Fica claro que, independentemente de onde o link ser\u00e1 disponibilizado,\u00a0<strong>o que provocar\u00e1 a refer\u00eancia \u00e0 p\u00e1gina ser\u00e1 a import\u00e2ncia de seu conte\u00fado<\/strong>. Isso acontece quando h\u00e1 uma relev\u00e2ncia para o usu\u00e1rio. A forma mais pura e concreta de se trabalhar o link building.<\/p>\n<h2>SEO &#8211; O que E relevante<\/h2>\n<p>Se \u00e9 oferecido algo para o usu\u00e1rio que \u00e9 de seu interesse, as chances de que esse artefato seja promovido atrav\u00e9s de sites de redes sociais \u00e9 grande. Imagine, por exemplo, que um programador que mant\u00e9m um blog sobre tecnologia desenvolve um programa que resolve algum tipo de problema. As pessoas que precisam desse software provavelmente falar\u00e3o sobre ele em seus perfis de sites de redes sociais e, consequentemente, algu\u00e9m que possui um blog poder\u00e1 falar desse software, mostrando um passo a passo de sua utiliza\u00e7\u00e3o e, assim, referenciando o site original para download do software em uma das p\u00e1ginas do blog.<\/p>\n<p>Por isso \u00e9 t\u00e3o importante que na estrat\u00e9gia de link building sejam pensadas a\u00e7\u00f5es que envolvam coisas \u00fateis para resolver algum tipo de problema. Al\u00e9m disso, o bom conte\u00fado \u00e9 primordial. No Twitter, no Orkut, no YouTube e em outros sites que re\u00fanem redes sociais,\u00a0<strong>\u00e9 poss\u00edvel ver as pessoas falando sobre os conte\u00fados dos sites<\/strong>. Sites de nichos recebem muitos links, pois seus conte\u00fados especializados servem de solu\u00e7\u00e3o para outras pessoas, que ao comentarem essas solu\u00e7\u00f5es em f\u00f3runs e blogs, acabam de certa forma referenciando a fonte original atrav\u00e9s de links. Trata-se de um apoio indireto por meio de sites de redes sociais.<\/p>\n<p>Imaginem um site de nicho que lan\u00e7a um infogr\u00e1fico com estat\u00edsticas desse nicho. O administrador do site pode utilizar o poder de relev\u00e2ncia de seu Twitter, caso tenha bastante seguidores, para divulgar esse infogr\u00e1fico. Os seguidores conhecer\u00e3o o infogr\u00e1fico e caso algum desses tenha um site e entenda que a pe\u00e7a \u00e9 relevante, poder\u00e1 public\u00e1-lo referenciando a fonte original. Dessa forma, percebam que\u00a0<strong>o cuidado em trabalhar o perfil no Twitter pode fazer toda a diferen\u00e7a<\/strong>, pois um Twitter com poucos seguidores n\u00e3o ajudaria muito nesse tipo de estrat\u00e9gia. Al\u00e9m de trabalhar um bom conte\u00fado, \u00e9 necess\u00e1rio trabalhar tamb\u00e9m os perfis em sites de redes sociais, pois a for\u00e7a, o &#8220;capital social&#8221; deles \u00e9 que determinar\u00e1 o sucesso das estrat\u00e9gias, n\u00e3o somente de social media, mas tamb\u00e9m de link building.<\/p>\n<h2>Viraliza\u00e7\u00e3o atrav\u00e9s de bot\u00f5es sociais<\/h2>\n<p><strong>A internet \u00e9 momento, e voc\u00ea precisa saber explorar isso,<\/strong>\u00a0pois \u00e9 importante que o conte\u00fado relevante chegue \u00e0quelas pessoas que, provavelmente, atrav\u00e9s de blogs, f\u00f3runs e outros sites ir\u00e3o referenci\u00e1-lo. Pense que em uma p\u00e1gina, ao incluir algo interessante que as pessoas possam divulgar atrav\u00e9s de sites de redes sociais, \u00e9 importante que isso seja facilitado. Caixas de bot\u00f5es como o AddThis podem ajudar nesse sentido, pois d\u00e3o uma lista de op\u00e7\u00f5es. Dentre eles, sites de redes sociais, blogs, etc.<\/p>\n","protected":false},"excerpt":{"rendered":"<p>Google SEO &#8211; Otimiza\u00e7\u00e3o de web Sites Google SEO &#8211; Com a otimiza\u00e7\u00e3o de site voc\u00ea fica mais vis\u00edvel na Internet. Para ficar vis\u00edvel, precisa ter bom&#8230;<\/p>\n","protected":false},"author":1,"featured_media":0,"parent":0,"menu_order":0,"comment_status":"open","ping_status":"open","template":"fullwidth.php","meta":[],"yoast_head":"\n<title>Foccos | Google SEO - Otimiza\u00e7\u00e3o de Web Sites e Lojas Virtuais - Foccos Tecnologia<\/title>\n<meta name=\"description\" content=\"Google SEO\" \/>\n<meta name=\"robots\" content=\"index, follow, max-snippet:-1, max-image-preview:large, max-video-preview:-1\" \/>\n<link rel=\"canonical\" href=\"https:\/\/foccosti.com.br\/site\/google-seo-otimizacao-de-web-sites-e-lojas-virtuais\/\" \/>\n<meta name=\"twitter:label1\" content=\"Est. tempo de leitura\" \/>\n\t<meta name=\"twitter:data1\" content=\"5 minutos\" \/>\n<script type=\"application\/ld+json\" class=\"yoast-schema-graph\">{\"@context\":\"https:\/\/schema.org\",\"@graph\":[{\"@type\":\"WebSite\",\"@id\":\"https:\/\/foccosti.com.br\/site\/#website\",\"url\":\"https:\/\/foccosti.com.br\/site\/\",\"name\":\"Foccos Tecnologia\",\"description\":\"Foccos Tecnologia - Web Site - Loja Virtual - E-commerce - Uberaba - Web Design - Sistema de Gest\u00e3o - CRM - ERP\",\"potentialAction\":[{\"@type\":\"SearchAction\",\"target\":{\"@type\":\"EntryPoint\",\"urlTemplate\":\"https:\/\/foccosti.com.br\/site\/?s={search_term_string}\"},\"query-input\":\"required name=search_term_string\"}],\"inLanguage\":\"pt-BR\"},{\"@type\":\"WebPage\",\"@id\":\"https:\/\/foccosti.com.br\/site\/google-seo-otimizacao-de-web-sites-e-lojas-virtuais\/\",\"url\":\"https:\/\/foccosti.com.br\/site\/google-seo-otimizacao-de-web-sites-e-lojas-virtuais\/\",\"name\":\"Foccos | Google SEO - Otimiza\u00e7\u00e3o de Web Sites e Lojas Virtuais - Foccos Tecnologia\",\"isPartOf\":{\"@id\":\"https:\/\/foccosti.com.br\/site\/#website\"},\"datePublished\":\"2012-01-05T17:38:26+00:00\",\"dateModified\":\"2014-02-14T17:07:16+00:00\",\"description\":\"Google SEO\",\"breadcrumb\":{\"@id\":\"https:\/\/foccosti.com.br\/site\/google-seo-otimizacao-de-web-sites-e-lojas-virtuais\/#breadcrumb\"},\"inLanguage\":\"pt-BR\",\"potentialAction\":[{\"@type\":\"ReadAction\",\"target\":[\"https:\/\/foccosti.com.br\/site\/google-seo-otimizacao-de-web-sites-e-lojas-virtuais\/\"]}]},{\"@type\":\"BreadcrumbList\",\"@id\":\"https:\/\/foccosti.com.br\/site\/google-seo-otimizacao-de-web-sites-e-lojas-virtuais\/#breadcrumb\",\"itemListElement\":[{\"@type\":\"ListItem\",\"position\":1,\"name\":\"Foccos | Google SEO &#8211; Otimiza\u00e7\u00e3o de Web Sites e Lojas Virtuais\"}]}]}<\/script>\n","yoast_head_json":{"title":"Foccos | Google SEO - Otimiza\u00e7\u00e3o de Web Sites e Lojas Virtuais - Foccos Tecnologia","description":"Google SEO","robots":{"index":"index","follow":"follow","max-snippet":"max-snippet:-1","max-image-preview":"max-image-preview:large","max-video-preview":"max-video-preview:-1"},"canonical":"https:\/\/foccosti.com.br\/site\/google-seo-otimizacao-de-web-sites-e-lojas-virtuais\/","twitter_misc":{"Est. tempo de leitura":"5 minutos"},"schema":{"@context":"https:\/\/schema.org","@graph":[{"@type":"WebSite","@id":"https:\/\/foccosti.com.br\/site\/#website","url":"https:\/\/foccosti.com.br\/site\/","name":"Foccos Tecnologia","description":"Foccos Tecnologia - Web Site - Loja Virtual - E-commerce - Uberaba - Web Design - Sistema de Gest\u00e3o - CRM - ERP","potentialAction":[{"@type":"SearchAction","target":{"@type":"EntryPoint","urlTemplate":"https:\/\/foccosti.com.br\/site\/?s={search_term_string}"},"query-input":"required name=search_term_string"}],"inLanguage":"pt-BR"},{"@type":"WebPage","@id":"https:\/\/foccosti.com.br\/site\/google-seo-otimizacao-de-web-sites-e-lojas-virtuais\/","url":"https:\/\/foccosti.com.br\/site\/google-seo-otimizacao-de-web-sites-e-lojas-virtuais\/","name":"Foccos | Google SEO - Otimiza\u00e7\u00e3o de Web Sites e Lojas Virtuais - Foccos Tecnologia","isPartOf":{"@id":"https:\/\/foccosti.com.br\/site\/#website"},"datePublished":"2012-01-05T17:38:26+00:00","dateModified":"2014-02-14T17:07:16+00:00","description":"Google SEO","breadcrumb":{"@id":"https:\/\/foccosti.com.br\/site\/google-seo-otimizacao-de-web-sites-e-lojas-virtuais\/#breadcrumb"},"inLanguage":"pt-BR","potentialAction":[{"@type":"ReadAction","target":["https:\/\/foccosti.com.br\/site\/google-seo-otimizacao-de-web-sites-e-lojas-virtuais\/"]}]},{"@type":"BreadcrumbList","@id":"https:\/\/foccosti.com.br\/site\/google-seo-otimizacao-de-web-sites-e-lojas-virtuais\/#breadcrumb","itemListElement":[{"@type":"ListItem","position":1,"name":"Foccos | Google SEO &#8211; Otimiza\u00e7\u00e3o de Web Sites e Lojas Virtuais"}]}]}},"_links":{"self":[{"href":"https:\/\/foccosti.com.br\/site\/wp-json\/wp\/v2\/pages\/79"}],"collection":[{"href":"https:\/\/foccosti.com.br\/site\/wp-json\/wp\/v2\/pages"}],"about":[{"href":"https:\/\/foccosti.com.br\/site\/wp-json\/wp\/v2\/types\/page"}],"author":[{"embeddable":true,"href":"https:\/\/foccosti.com.br\/site\/wp-json\/wp\/v2\/users\/1"}],"replies":[{"embeddable":true,"href":"https:\/\/foccosti.com.br\/site\/wp-json\/wp\/v2\/comments?post=79"}],"version-history":[{"count":0,"href":"https:\/\/foccosti.com.br\/site\/wp-json\/wp\/v2\/pages\/79\/revisions"}],"wp:attachment":[{"href":"https:\/\/foccosti.com.br\/site\/wp-json\/wp\/v2\/media?parent=79"}],"curies":[{"name":"wp","href":"https:\/\/api.w.org\/{rel}","templated":true}]}}